ose 0 = -3*t + 4*p + 9, 3*t = 6*t - 2*p - 15. Suppose t*y - 324 = 3*y. What is the highest common divisor of y and 9?
9
Let t(o) = o**2 - 5*o + 22. Let g be t(4). Suppose -48 = 2*m - 6*m. What is the greatest common factor of g and m?
6
Suppose -5*c - 163 = 42. Let u = -24 - c. Calculate the greatest common factor of 85 and u.
17
Let f be (-11115)/(-325) - (-1)/(-5). What is the greatest common divisor of f and 85?
17
Let b(f) = f**2 - 14*f - 13. Let t be b(15). Let v be t + 9/(27/78). What is the highest common factor of v and 224?
28
Suppose -4*z = -v + 17, 2*z - 4 = -v - v. Let n(d) = -d**3 - 2*d**2 + d - 3. Let g be n(z). Let s = -8 - -35. Calculate the highest common factor of g and s.
3
Let s be (-12)/2 + 68 + -6. Calculate the highest common divisor of 28 and s.
28
Let b(k) = -2*k + 37. Let g be b(19). Let c be 6 + (g - (-2 + 2)). Calculate the greatest common factor of c and 15.
5
Suppose -5*c + 4*q + 363 = 71, 5*c - 298 = q. Calculate the greatest common factor of 5 and c.
5
Suppose 3*r + 837 = 5*a, r - 4*r = a - 153. Suppose 225 = 8*q + 7*q. What is the highest common factor of q and a?
15
Let m = 27 - 20. Suppose -1430 = m*k - 12*k. Suppose 3*j + 6*d = 2*d + 66, 0 = -4*j - 4*d + 92. What is the greatest common factor of j and k?
26
Suppose 0 = -2*b + 2*z + 30, -4*b - z = -38 - 37. Calculate the greatest common divisor of 22 and b.
2
Suppose -5*c - 2 = -7. Let g be 2*c + (30 - -8). Let x be -1 - 27/(-1 + -2). Calculate the greatest common divisor of g and x.
8
Let k = 36 - 33. Suppose k*i - 6*i + 37 = 5*p, 5*i - 3*p - 39 = 0. What is the highest common factor of 99 and i?
9
Suppose -r - 3*g + 146 = 0, r - 8*g = -13*g + 154. Calculate the greatest common divisor of r and 4.
2
Let u(b) = b**3 - 7*b**2 + 13*b - 16. Let j be u(10). Calculate the highest common factor of j and 36.
18
Let g = 22 + -12. Suppose 21*p = 5 + 79. Let b be (-1 - (p - 0))/((-2)/4). What is the highest common divisor of b and g?
10
Let w be 32 + (-18)/12 + (-12)/8. What is the highest common divisor of 580 and w?
29
Let q be 440/5*(-2)/4. Let v = q - 32. Let l be (3 - v/(-12))*-6. Calculate the highest common factor of l and 4.
4
Let b = 3 + 31. Let d be 24*(3 - (-21)/(-6)). Let q be (-51)/12*d/3. What is the greatest common factor of q and b?
17
Suppose -5*m + 3 = -4*l - 3, -18 = 5*l - m. Let v = l + 10. Let c = -374 - -404. What is the greatest common factor of v and c?
6
Let c(z) = -45*z + 418. Let v be c(9). Let y(g) = 6*g**3 + g**2 - 2*g + 4. Let f be y(3). Calculate the greatest common factor of v and f.
13
Let s = 911 - 905. What is the highest common factor of s and 30?
6
Suppose -u + 12 = -2*u. Let a(n) = n**2 + 9*n - 10. Let w be a(u). Let r = 208 + w. What is the greatest common divisor of r and 26?
26
Let j = 152 - 71. Let g = j - 79. What is the greatest common divisor of 3 and g?
1
Suppose -j = j - 2. Let c(x) = 75*x**2 + 3*x - 1. Let l be c(j). What is the greatest common factor of 7 and l?
7
Suppose -23 = -3*y + 5*p, -4 = 8*y - 7*y - 4*p. What is the greatest common factor of y and 144?
16
Let g be 2/(-4)*(-660)/66. What is the highest common divisor of g and 125?
5
Suppose -3*g = 5*b + 75, g - 7*b + 25 = -3*b. Let z = -15 - g. Let p be 936/40 + 6/z. Calculate the highest common factor of p and 168.
24
Suppose 0 = 4*a - 1075 - 1193. What is the greatest common factor of 42 and a?
21
Let j be 49*(-2)/4*(0 - 2). Suppose 2*a = -4*p - 0*a + 50, -4*p - a + j = 0. Suppose 5*d - 396 = 24. Calculate the greatest common divisor of d and p.
12
Let f be 1 - 36/6 - -89. Calculate the greatest common factor of 12 and f.
12
Let m = -25 - -47. Suppose -40*y + 20*y = -220. Calculate the highest common factor of m and y.
11
Suppose -t - 3*k + 509 = 0, 5*t = t - k + 2047. Calculate the greatest common factor of 64 and t.
64
Let y = 2 + -10. Let t(w) = -w**2 - 9*w - 3. Let m be t(y). Suppose -2*l - 9 = -m*l. Calculate the highest common factor of l and 21.
3
Let l = 261 - 251. Let r be (-1 + -2)*(-4)/6. What is the greatest common divisor of r and l?
2
Suppose 0 = -2*f - 2*k + 50, k - 4*k + 100 = 4*f. Let n(q) = q**2 - 6*q - 30. Let l be n(10). What is the highest common factor of f and l?
5
Suppose -8*n + 132 = 3*r - 3*n, 3*r = -n + 132. What is the greatest common divisor of r and 121?
11
Let o(i) = i**3 + 7*i**2 + 4*i + 3. Let x be o(-6). What is the greatest common factor of 555 and x?
15
Let o(x) = -x**3 - 8*x**2 + 7*x + 9. Suppose -n - 28 = -19. Let d be o(n). Calculate the highest common divisor of d and 3.
3
Suppose 1925 = 3*z + 8*z. Calculate the highest common factor of 100 and z.
25
Let t be 6 - -21 - (-12)/4. Calculate the greatest common divisor of t and 15.
15
Let d = 583 + -580. What is the highest common divisor of 8 and d?
1
Let h = -166 + 183. Let w(t) = -187*t. Let b be w(-1). Calculate the greatest common divisor of h and b.
17
Let o(d) = -d**2 - 25*d - 1. Let a be o(-11). What is the greatest common factor of 17 and a?
17
Let k(h) = 4*h - 14. Let o be k(5). Let u(c) = c + 6. Let j be u(o). Calculate the highest common factor of 84 and j.
12
Suppose 5*g - 452 = -5*s + 93, 0 = -3*s + 3. Let z = 512 + -488. Calculate the highest common factor of z and g.
12
Suppose 3*p + 19 = d, -p = 4*p + 25. Let u = 12 - d. Calculate the greatest common divisor of 1 and u.
1
Let z(o) = 6*o**2 - 8*o - 28. Let d be z(6). What is the greatest common divisor of 175 and d?
35
Suppose 4*s + 4*z = 20, 0 = s - 2*s - 2*z + 3. What is the highest common divisor of 161 and s?
7
Let b(t) = t**3 - t**2 - t + 3. Let s = 34 - 31. Let l be b(s). Calculate the greatest common divisor of 9 and l.
9
Suppose 0 = -4*h - 1 - 7. Let v = h - -22. What is the highest common factor of 8 and v?
4
Let h be 23/138 - 2158/(-12). What is the greatest common factor of h and 18?
18
Suppose 2*b + 664 = -3*a + 2351, -2*b - a + 1697 = 0. What is the highest common factor of 23 and b?
23
Let d be 112/(-1288) + (-924)/(-46). What is the greatest common factor of d and 52?
4
Let c be (-230)/(-26) - 6/(-39). Let g(d) = -d**3 + 10*d**2 - 9*d + 7. Let w be g(8). Calculate the greatest common divisor of w and c.
9
Suppose -t + 24 = -2*d, -7*t - 3*d = -4*t - 90. Calculate the highest common divisor of t and 7.
7
Let i(t) = -t**2 - 8*t - 7. Let r be i(-5). Let c be 142/9 + (-2)/(-9). What is the highest common factor of c and r?
8
Let c(w) = -w**3 - 12*w**2 - 18*w + 25. Let s be c(-10). What is the highest common factor of 90 and s?
5
Let v(c) = 2*c**3 - 3*c**2 - 2*c - 6. Let t be v(3). Let b = 4 + -1. What is the highest common divisor of b and t?
3
Let w(h) = -3*h - 10. Let k be w(-4). Let p be k + 3/(6/124). What is the greatest common divisor of 16 and p?
16
Let x(a) = -59*a - 75. Let f be x(-5). Calculate the highest common divisor of 20 and f.
20
Let y be (-2 - 1)*(-16)/6. Let q be 12/10*((-76)/(-6) + -6). What is the highest common factor of q and y?
8
Let j(w) = -3*w + 58. Let g be j(-11). What is the highest common divisor of 1729 and g?
91
Suppose 0 = j + 61 - 24. Let d = -25 - j. Calculate the greatest common divisor of d and 4.
4
Suppose 8 = -4*x, -x = -3*p + 115 + 127. Suppose 0 = -4*k - 2*a + p, -k + 5*a + 5 = -4. What is the highest common divisor of k and 76?
19
Let h = 501 - 470. Let x = 19 + -11. Let c be -1*2 - (-118 - x). What is the greatest common divisor of h and c?
31
Let j = -12 - -48. Suppose 864 = 59*n - 552. What is the greatest common divisor of n and j?
12
Let k be 1/6 - (-1085)/42. Let j = -72 - -254. Calculate the highest common divisor of j and k.
26
Let q(i) = 2*i**3 - 11 - 9*i**3 + 2*i - 5*i**2 + 6*i**3. Let f be q(-6). Calculate the highest common factor of f and 117.
13
Let p = -18 + 27. Suppose 4*s - 4*g - 4 = 0, 32 = 4*s - 0*g + 3*g. Let w(d) = d + 4. Let i be w(s). What is the greatest common factor of i and p?
9
Let j(z) = 6*z. Let m be j(-3). Let r be (m/5)/((-36)/3000). Calculate the highest common divisor of r and 12.
12
Let l be (-2)/4 - 362/(-4). Suppose -103*z = -99*z + 8. Let f be (-15)/(-1 + 1/z). What is the greatest common divisor of f and l?
10
Let x be (-10)/(((-32)/72)/2). What is the greatest common factor of 30 and x?
15
Suppose 11 = 3*g - 19. Suppose -7*x = -2*x - g. What is the greatest common factor of x and 3?
1
Suppose 8*m + 11 = 99. Suppose -